{"id":10367,"date":"2025-01-17T15:12:38","date_gmt":"2025-01-17T12:12:38","guid":{"rendered":"https:\/\/beta.domino.com.tr\/?page_id=10367"},"modified":"2025-01-21T01:20:31","modified_gmt":"2025-01-20T22:20:31","slug":"filo-kiralama","status":"publish","type":"page","link":"https:\/\/domino.com.tr\/index.php\/filo-kiralama\/","title":{"rendered":"F\u0130LO K\u0130RALAMA"},"content":{"rendered":"\t\t<div data-elementor-type=\"wp-page\" data-elementor-id=\"10367\" class=\"elementor elementor-10367\">\n\t\t\t\t<div class=\"elementor-element elementor-element-6814ff52 e-flex e-con-boxed e-con e-parent\" data-id=\"6814ff52\" data-element_type=\"container\">\n\t\t\t\t\t<div class=\"e-con-inner\">\n\t\t\t\t\t<\/div>\n\t\t\t\t<\/div>\n\t\t<div class=\"elementor-element elementor-element-9a1ff9d e-flex e-con-boxed e-con e-parent\" data-id=\"9a1ff9d\" data-element_type=\"container\">\n\t\t\t\t\t<div class=\"e-con-inner\">\n\t\t<div class=\"elementor-element elementor-element-85e9de9 e-con-full e-flex e-con e-child\" data-id=\"85e9de9\" data-element_type=\"container\">\n\t\t\t\t<div class=\"elementor-element elementor-element-332cd3c elementor-widget elementor-widget-heading\" data-id=\"332cd3c\" data-element_type=\"widget\" data-widget_type=\"heading.default\">\n\t\t\t\t<div class=\"elementor-widget-container\">\n\t\t\t\t\t<h4 class=\"elementor-heading-title elementor-size-default\">Domino Filo Kiralama Hakk\u0131m\u0131zda<\/h4>\t\t\t\t<\/div>\n\t\t\t\t<\/div>\n\t\t\t\t<div class=\"elementor-element elementor-element-4b7e06c elementor-widget elementor-widget-text-editor\" data-id=\"4b7e06c\" data-element_type=\"widget\" data-widget_type=\"text-editor.default\">\n\t\t\t\t<div class=\"elementor-widget-container\">\n\t\t\t\t\t\t\t\t\t<p style=\"text-align: justify;\">2010 y\u0131l\u0131ndan bu yana Domino Grup \u00e7at\u0131s\u0131 alt\u0131nda faaliyet g\u00f6steren Domino Filo Kiralama, uzun d\u00f6nem filo kiralama hizmetlerinde \u00f6nc\u00fc bir markad\u0131r. M\u00fc\u015fterilerimizin ihtiya\u00e7lar\u0131na \u00f6zel \u00e7\u00f6z\u00fcmler sunarak, operasyonel s\u00fcre\u00e7lerini kolayla\u015ft\u0131rmalar\u0131na ve maliyetlerini optimize etmelerine yard\u0131mc\u0131 oluyoruz.<\/p>\n<p style=\"text-align: justify;\">Ara\u00e7 filomuzun \u00e7e\u015fitlili\u011fi ve kaliteli hizmet anlay\u0131\u015f\u0131m\u0131zla, farkl\u0131 sekt\u00f6rlerden firmalar\u0131n beklentilerini kar\u015f\u0131l\u0131yor ve i\u015f s\u00fcre\u00e7lerini sorunsuz bir \u015fekilde y\u00f6netmelerini sa\u011fl\u0131yoruz. Esnek kiralama se\u00e7eneklerimiz ve profesyonel hizmetlerimizle, m\u00fc\u015fterilerimizin i\u015f hedeflerine ula\u015fmalar\u0131n\u0131 destekliyoruz.<\/p>\n<p style=\"text-align: justify;\">Domino Filo Kiralama olarak, g\u00fcvenilirlik, m\u00fc\u015fteri memnuniyeti ve yenilik\u00e7i yakla\u015f\u0131m\u0131 \u00f6n planda tutuyor; s\u00fcrd\u00fcr\u00fclebilir ve etkili \u00e7\u00f6z\u00fcmler sunarak sekt\u00f6r\u00fcm\u00fczde fark yarat\u0131yoruz.<\/p>\n<p style=\"text-align: justify;\">L\u00fctfen talepleriniz i\u00e7in a\u015fa\u011f\u0131daki formu doldurunuz!<\/p>\t\t\t\t\t\t\t\t<\/div>\n\t\t\t\t<\/div>\n\t\t\t\t<\/div>\n\t\t<div class=\"elementor-element elementor-element-518147a e-con-full e-flex e-con e-child\" data-id=\"518147a\" data-element_type=\"container\">\n\t\t\t\t<div class=\"elementor-element elementor-element-fdaf8f1 elementor-widget elementor-widget-image\" data-id=\"fdaf8f1\" data-element_type=\"widget\" data-widget_type=\"image.default\">\n\t\t\t\t<div class=\"elementor-widget-container\">\n\t\t\t\t\t\t\t\t\t\t\t\t\t\t\t<img fetchpriority=\"high\" decoding=\"async\" width=\"1024\" height=\"1024\" src=\"https:\/\/domino.com.tr\/wp-content\/uploads\/2025\/01\/WhatsApp-Image-2025-01-16-at-5.08.59-PM.jpeg\" class=\"attachment-large size-large wp-image-10372\" alt=\"\" srcset=\"https:\/\/domino.com.tr\/wp-content\/uploads\/2025\/01\/WhatsApp-Image-2025-01-16-at-5.08.59-PM.jpeg 1024w, https:\/\/domino.com.tr\/wp-content\/uploads\/2025\/01\/WhatsApp-Image-2025-01-16-at-5.08.59-PM-300x300.jpeg 300w, https:\/\/domino.com.tr\/wp-content\/uploads\/2025\/01\/WhatsApp-Image-2025-01-16-at-5.08.59-PM-150x150.jpeg 150w, https:\/\/domino.com.tr\/wp-content\/uploads\/2025\/01\/WhatsApp-Image-2025-01-16-at-5.08.59-PM-768x768.jpeg 768w, https:\/\/domino.com.tr\/wp-content\/uploads\/2025\/01\/WhatsApp-Image-2025-01-16-at-5.08.59-PM-450x450.jpeg 450w, https:\/\/domino.com.tr\/wp-content\/uploads\/2025\/01\/WhatsApp-Image-2025-01-16-at-5.08.59-PM-106x106.jpeg 106w, https:\/\/domino.com.tr\/wp-content\/uploads\/2025\/01\/WhatsApp-Image-2025-01-16-at-5.08.59-PM-560x560.jpeg 560w, https:\/\/domino.com.tr\/wp-content\/uploads\/2025\/01\/WhatsApp-Image-2025-01-16-at-5.08.59-PM-80x80.jpeg 80w\" sizes=\"(max-width: 1024px) 100vw, 1024px\" \/>\t\t\t\t\t\t\t\t\t\t\t\t\t\t\t<\/div>\n\t\t\t\t<\/div>\n\t\t\t\t<\/div>\n\t\t\t\t\t<\/div>\n\t\t\t\t<\/div>\n\t\t\t\t<\/div>\n\t\t","protected":false},"excerpt":{"rendered":"<p>Domino Filo Kiralama Hakk\u0131m\u0131zda 2010 y\u0131l\u0131ndan bu yana Domino Grup \u00e7at\u0131s\u0131 alt\u0131nda faaliyet g\u00f6steren Domino Filo Kiralama, uzun d\u00f6nem filo kiralama hizmetlerinde \u00f6nc\u00fc bir markad\u0131r. M\u00fc\u015fterilerimizin ihtiya\u00e7lar\u0131na \u00f6zel \u00e7\u00f6z\u00fcmler sunarak, operasyonel s\u00fcre\u00e7lerini kolayla\u015ft\u0131rmalar\u0131na ve maliyetlerini optimize etmelerine yard\u0131mc\u0131 oluyoruz. Ara\u00e7 filomuzun \u00e7e\u015fitlili\u011fi ve kaliteli hizmet anlay\u0131\u015f\u0131m\u0131zla, farkl\u0131 sekt\u00f6rlerden firmalar\u0131n beklentilerini kar\u015f\u0131l\u0131yor ve i\u015f s\u00fcre\u00e7lerini sorunsuz [&hellip;]<\/p>\n","protected":false},"author":1,"featured_media":0,"parent":0,"menu_order":0,"comment_status":"closed","ping_status":"closed","template":"","meta":{"footnotes":""},"class_list":["post-10367","page","type-page","status-publish","hentry"],"_links":{"self":[{"href":"https:\/\/domino.com.tr\/index.php\/wp-json\/wp\/v2\/pages\/10367","targetHints":{"allow":["GET"]}}],"collection":[{"href":"https:\/\/domino.com.tr\/index.php\/wp-json\/wp\/v2\/pages"}],"about":[{"href":"https:\/\/domino.com.tr\/index.php\/wp-json\/wp\/v2\/types\/page"}],"author":[{"embeddable":true,"href":"https:\/\/domino.com.tr\/index.php\/wp-json\/wp\/v2\/users\/1"}],"replies":[{"embeddable":true,"href":"https:\/\/domino.com.tr\/index.php\/wp-json\/wp\/v2\/comments?post=10367"}],"version-history":[{"count":13,"href":"https:\/\/domino.com.tr\/index.php\/wp-json\/wp\/v2\/pages\/10367\/revisions"}],"predecessor-version":[{"id":10501,"href":"https:\/\/domino.com.tr\/index.php\/wp-json\/wp\/v2\/pages\/10367\/revisions\/10501"}],"wp:attachment":[{"href":"https:\/\/domino.com.tr\/index.php\/wp-json\/wp\/v2\/media?parent=10367"}],"curies":[{"name":"wp","href":"https:\/\/api.w.org\/{rel}","templated":true}]}}