{"id":10458,"date":"2025-01-17T17:43:21","date_gmt":"2025-01-17T14:43:21","guid":{"rendered":"https:\/\/beta.domino.com.tr\/?page_id=10458"},"modified":"2025-01-22T11:22:06","modified_gmt":"2025-01-22T08:22:06","slug":"carbon-exporter","status":"publish","type":"page","link":"https:\/\/domino.com.tr\/index.php\/carbon-exporter\/","title":{"rendered":"Carbon Exporter"},"content":{"rendered":"\t\t<div data-elementor-type=\"wp-page\" data-elementor-id=\"10458\" class=\"elementor elementor-10458\">\n\t\t\t\t<div class=\"elementor-element elementor-element-249ccab e-flex e-con-boxed e-con e-parent\" data-id=\"249ccab\" data-element_type=\"container\">\n\t\t\t\t\t<div class=\"e-con-inner\">\n\t\t\t\t\t<\/div>\n\t\t\t\t<\/div>\n\t\t<div class=\"elementor-element elementor-element-84b6c9b e-flex e-con-boxed e-con e-parent\" data-id=\"84b6c9b\" data-element_type=\"container\">\n\t\t\t\t\t<div class=\"e-con-inner\">\n\t\t<div class=\"elementor-element elementor-element-63b691f e-con-full e-flex e-con e-child\" data-id=\"63b691f\" data-element_type=\"container\">\n\t\t\t\t<div class=\"elementor-element elementor-element-6332f13 elementor-widget elementor-widget-text-editor\" data-id=\"6332f13\" data-element_type=\"widget\" data-widget_type=\"text-editor.default\">\n\t\t\t\t<div class=\"elementor-widget-container\">\n\t\t\t\t\t\t\t\t\t<p style=\"text-align: justify;\">Carbon Exporter | T\u00fcrkiye\u2019nin \u00d6nc\u00fc Karbon Kredisi ve Yenilenebilir Enerji Sertifikas\u0131 Ticareti Platformu<\/p>\n<p style=\"text-align: justify;\">T\u00fcrkiye\u2019nin karbon kredisi ve yenilenebilir enerji sertifikas\u0131 ticaretinde devrim yaratmay\u0131 ama\u00e7layan Carbon Exporter, yenilik\u00e7i bir platform sunarak ulusal bir \u00e7evresel emtia borsas\u0131 olu\u015fturmay\u0131 hedeflemektedir. Platformumuz, karbon kredisi ve yenilenebilir enerji sertifikas\u0131 \u00fcreticileri, yat\u0131r\u0131mc\u0131lar ve al\u0131c\u0131lar aras\u0131nda do\u011frudan, arac\u0131s\u0131z ve \u015feffaf bir ticaret ortam\u0131 sa\u011flayarak T\u00fcrkiye\u2019nin s\u00fcrd\u00fcr\u00fclebilirlik hedeflerine katk\u0131da bulunmaktad\u0131r.<\/p>\n<p style=\"text-align: justify;\">Carbon Exporter olarak, kullan\u0131c\u0131lar\u0131m\u0131za anl\u0131k i\u015flem yapabilme imk\u00e2n\u0131, fiyat verilerine h\u0131zl\u0131 eri\u015fim ve k\u00fcresel pazarlara do\u011frudan ba\u011flant\u0131lar sunuyoruz. Bu sayede, T\u00fcrkiye\u2019nin \u00e7evresel emtia piyasas\u0131n\u0131n etkinli\u011fini art\u0131r\u0131yor ve global \u00f6l\u00e7ekte s\u00fcrd\u00fcr\u00fclebilir ticaretin geli\u015fimine katk\u0131da bulunuyoruz.<\/p>\n<p style=\"text-align: justify;\">\u00c7evresel piyasalarda yenilik\u00e7i \u00e7\u00f6z\u00fcmler sunan \u00f6nc\u00fc platformumuz ile s\u00fcrd\u00fcr\u00fclebilir gelece\u011fe birlikte ad\u0131m at\u0131yoruz.<\/p>\t\t\t\t\t\t\t\t<\/div>\n\t\t\t\t<\/div>\n\t\t\t\t<div class=\"elementor-element elementor-element-352cd1b elementor-widget elementor-widget-dit-button\" data-id=\"352cd1b\" data-element_type=\"widget\" data-widget_type=\"dit-button.default\">\n\t\t\t\t<div class=\"elementor-widget-container\">\n\t\t\t\t\t\r\n\t\t\r\n\t\t\t<div class=\"dreamit-button style5\">\r\n\t\t\t    \r\n\t\t\t    <div class=\"dreamit-button\">\r\n\t\t\t\t<a class=\"button\" href=\"https:\/\/carbonexporter.com\/\">\r\n\t\t\t\t\tCarbon Exporter\t\t\t\t\t\t\t\t\t\t\t<i aria-hidden=\"true\" class=\"flaticon flaticon-right-arrow\"><\/i>\t\t\t\t\t\t\t\t\t<\/a>\r\n\t\t\t\t<\/div>\r\n\t\t\t<\/div>\r\n\t\t\t\t\r\n\t\t\t\t\t<\/div>\n\t\t\t\t<\/div>\n\t\t\t\t<\/div>\n\t\t<div class=\"elementor-element elementor-element-1802245 e-con-full e-flex e-con e-child\" data-id=\"1802245\" data-element_type=\"container\">\n\t\t\t\t<div class=\"elementor-element elementor-element-70ab5bf elementor-widget elementor-widget-spacer\" data-id=\"70ab5bf\" data-element_type=\"widget\" data-widget_type=\"spacer.default\">\n\t\t\t\t<div class=\"elementor-widget-container\">\n\t\t\t\t\t\t\t<div class=\"elementor-spacer\">\n\t\t\t<div class=\"elementor-spacer-inner\"><\/div>\n\t\t<\/div>\n\t\t\t\t\t\t<\/div>\n\t\t\t\t<\/div>\n\t\t\t\t<div class=\"elementor-element elementor-element-5b02a66 elementor-widget elementor-widget-image\" data-id=\"5b02a66\" data-element_type=\"widget\" data-widget_type=\"image.default\">\n\t\t\t\t<div class=\"elementor-widget-container\">\n\t\t\t\t\t\t\t\t\t\t\t\t\t\t\t<img fetchpriority=\"high\" decoding=\"async\" width=\"1024\" height=\"470\" src=\"https:\/\/domino.com.tr\/wp-content\/uploads\/2025\/01\/ISxPU7hPaCioYaHBoUCT-1024x470.png\" class=\"attachment-large size-large wp-image-10461\" alt=\"\" srcset=\"https:\/\/domino.com.tr\/wp-content\/uploads\/2025\/01\/ISxPU7hPaCioYaHBoUCT-1024x470.png 1024w, https:\/\/domino.com.tr\/wp-content\/uploads\/2025\/01\/ISxPU7hPaCioYaHBoUCT-300x138.png 300w, https:\/\/domino.com.tr\/wp-content\/uploads\/2025\/01\/ISxPU7hPaCioYaHBoUCT-768x353.png 768w, https:\/\/domino.com.tr\/wp-content\/uploads\/2025\/01\/ISxPU7hPaCioYaHBoUCT.png 1235w\" sizes=\"(max-width: 1024px) 100vw, 1024px\" \/>\t\t\t\t\t\t\t\t\t\t\t\t\t\t\t<\/div>\n\t\t\t\t<\/div>\n\t\t\t\t<\/div>\n\t\t\t\t\t<\/div>\n\t\t\t\t<\/div>\n\t\t\t\t<\/div>\n\t\t","protected":false},"excerpt":{"rendered":"<p>Carbon Exporter | T\u00fcrkiye\u2019nin \u00d6nc\u00fc Karbon Kredisi ve Yenilenebilir Enerji Sertifikas\u0131 Ticareti Platformu T\u00fcrkiye\u2019nin karbon kredisi ve yenilenebilir enerji sertifikas\u0131 ticaretinde devrim yaratmay\u0131 ama\u00e7layan Carbon Exporter, yenilik\u00e7i bir platform sunarak ulusal bir \u00e7evresel emtia borsas\u0131 olu\u015fturmay\u0131 hedeflemektedir. Platformumuz, karbon kredisi ve yenilenebilir enerji sertifikas\u0131 \u00fcreticileri, yat\u0131r\u0131mc\u0131lar ve al\u0131c\u0131lar aras\u0131nda do\u011frudan, arac\u0131s\u0131z ve \u015feffaf bir ticaret [&hellip;]<\/p>\n","protected":false},"author":1,"featured_media":0,"parent":0,"menu_order":0,"comment_status":"closed","ping_status":"closed","template":"","meta":{"footnotes":""},"class_list":["post-10458","page","type-page","status-publish","hentry"],"_links":{"self":[{"href":"https:\/\/domino.com.tr\/index.php\/wp-json\/wp\/v2\/pages\/10458","targetHints":{"allow":["GET"]}}],"collection":[{"href":"https:\/\/domino.com.tr\/index.php\/wp-json\/wp\/v2\/pages"}],"about":[{"href":"https:\/\/domino.com.tr\/index.php\/wp-json\/wp\/v2\/types\/page"}],"author":[{"embeddable":true,"href":"https:\/\/domino.com.tr\/index.php\/wp-json\/wp\/v2\/users\/1"}],"replies":[{"embeddable":true,"href":"https:\/\/domino.com.tr\/index.php\/wp-json\/wp\/v2\/comments?post=10458"}],"version-history":[{"count":7,"href":"https:\/\/domino.com.tr\/index.php\/wp-json\/wp\/v2\/pages\/10458\/revisions"}],"predecessor-version":[{"id":10609,"href":"https:\/\/domino.com.tr\/index.php\/wp-json\/wp\/v2\/pages\/10458\/revisions\/10609"}],"wp:attachment":[{"href":"https:\/\/domino.com.tr\/index.php\/wp-json\/wp\/v2\/media?parent=10458"}],"curies":[{"name":"wp","href":"https:\/\/api.w.org\/{rel}","templated":true}]}}