{"id":11844,"date":"2026-03-05T14:16:29","date_gmt":"2026-03-05T11:16:29","guid":{"rendered":"https:\/\/domino.com.tr\/?page_id=11844"},"modified":"2026-04-01T11:45:51","modified_gmt":"2026-04-01T08:45:51","slug":"elektrik-piyasalarinda-zirvesi","status":"publish","type":"page","link":"https:\/\/domino.com.tr\/index.php\/elektrik-piyasalarinda-zirvesi\/","title":{"rendered":"ELEKTR\u0130K P\u0130YASALARINDA D\u00d6N\u00dc\u015e\u00dcM Z\u0130RVES\u0130"},"content":{"rendered":"\t\t<div data-elementor-type=\"wp-page\" data-elementor-id=\"11844\" class=\"elementor elementor-11844\">\n\t\t\t\t<div class=\"elementor-element elementor-element-ac2e3c0 e-flex e-con-boxed e-con e-parent\" data-id=\"ac2e3c0\" data-element_type=\"container\">\n\t\t\t\t\t<div class=\"e-con-inner\">\n\t\t\t\t\t<\/div>\n\t\t\t\t<\/div>\n\t\t<div class=\"elementor-element elementor-element-e11a72f e-flex e-con-boxed e-con e-parent\" data-id=\"e11a72f\" data-element_type=\"container\">\n\t\t\t\t\t<div class=\"e-con-inner\">\n\t\t<div class=\"elementor-element elementor-element-3f03147 e-con-full e-flex e-con e-child\" data-id=\"3f03147\" data-element_type=\"container\">\n\t\t\t\t<div class=\"elementor-element elementor-element-dfa7adf elementor-widget elementor-widget-image\" data-id=\"dfa7adf\" data-element_type=\"widget\" data-widget_type=\"image.default\">\n\t\t\t\t<div class=\"elementor-widget-container\">\n\t\t\t\t\t\t\t\t\t\t\t\t\t\t\t<img fetchpriority=\"high\" decoding=\"async\" width=\"724\" height=\"1024\" src=\"https:\/\/domino.com.tr\/wp-content\/uploads\/2026\/03\/Adsiz-30-x-21-cm-2_page-0001-724x1024.jpg\" class=\"attachment-large size-large wp-image-11888\" alt=\"\" srcset=\"https:\/\/domino.com.tr\/wp-content\/uploads\/2026\/03\/Adsiz-30-x-21-cm-2_page-0001-724x1024.jpg 724w, https:\/\/domino.com.tr\/wp-content\/uploads\/2026\/03\/Adsiz-30-x-21-cm-2_page-0001-212x300.jpg 212w, https:\/\/domino.com.tr\/wp-content\/uploads\/2026\/03\/Adsiz-30-x-21-cm-2_page-0001-768x1086.jpg 768w, https:\/\/domino.com.tr\/wp-content\/uploads\/2026\/03\/Adsiz-30-x-21-cm-2_page-0001-1086x1536.jpg 1086w, https:\/\/domino.com.tr\/wp-content\/uploads\/2026\/03\/Adsiz-30-x-21-cm-2_page-0001.jpg 1241w\" sizes=\"(max-width: 724px) 100vw, 724px\" \/>\t\t\t\t\t\t\t\t\t\t\t\t\t\t\t<\/div>\n\t\t\t\t<\/div>\n\t\t\t\t<\/div>\n\t\t<div class=\"elementor-element elementor-element-9634687 e-con-full e-flex e-con e-child\" data-id=\"9634687\" data-element_type=\"container\">\n\t\t\t\t<div class=\"elementor-element elementor-element-beae1bc elementor-widget elementor-widget-image\" data-id=\"beae1bc\" data-element_type=\"widget\" data-widget_type=\"image.default\">\n\t\t\t\t<div class=\"elementor-widget-container\">\n\t\t\t\t\t\t\t\t\t\t\t\t\t\t\t<img decoding=\"async\" width=\"724\" height=\"1024\" src=\"https:\/\/domino.com.tr\/wp-content\/uploads\/2026\/03\/Adsiz-30-x-21-cm-2_page-0002-724x1024.jpg\" class=\"attachment-large size-large wp-image-11889\" alt=\"\" srcset=\"https:\/\/domino.com.tr\/wp-content\/uploads\/2026\/03\/Adsiz-30-x-21-cm-2_page-0002-724x1024.jpg 724w, https:\/\/domino.com.tr\/wp-content\/uploads\/2026\/03\/Adsiz-30-x-21-cm-2_page-0002-212x300.jpg 212w, https:\/\/domino.com.tr\/wp-content\/uploads\/2026\/03\/Adsiz-30-x-21-cm-2_page-0002-768x1086.jpg 768w, https:\/\/domino.com.tr\/wp-content\/uploads\/2026\/03\/Adsiz-30-x-21-cm-2_page-0002-1086x1536.jpg 1086w, https:\/\/domino.com.tr\/wp-content\/uploads\/2026\/03\/Adsiz-30-x-21-cm-2_page-0002.jpg 1241w\" sizes=\"(max-width: 724px) 100vw, 724px\" \/>\t\t\t\t\t\t\t\t\t\t\t\t\t\t\t<\/div>\n\t\t\t\t<\/div>\n\t\t\t\t<\/div>\n\t\t<div class=\"elementor-element elementor-element-f094f31 e-con-full e-flex e-con e-child\" data-id=\"f094f31\" data-element_type=\"container\">\n\t\t\t\t<div class=\"elementor-element elementor-element-c26e116 elementor-widget elementor-widget-image\" data-id=\"c26e116\" data-element_type=\"widget\" data-widget_type=\"image.default\">\n\t\t\t\t<div class=\"elementor-widget-container\">\n\t\t\t\t\t\t\t\t\t\t\t\t\t\t\t<img decoding=\"async\" width=\"724\" height=\"1024\" src=\"https:\/\/domino.com.tr\/wp-content\/uploads\/2026\/03\/Adsiz-30-x-21-cm-2_page-0003-724x1024.jpg\" class=\"attachment-large size-large wp-image-11890\" alt=\"\" srcset=\"https:\/\/domino.com.tr\/wp-content\/uploads\/2026\/03\/Adsiz-30-x-21-cm-2_page-0003-724x1024.jpg 724w, https:\/\/domino.com.tr\/wp-content\/uploads\/2026\/03\/Adsiz-30-x-21-cm-2_page-0003-212x300.jpg 212w, https:\/\/domino.com.tr\/wp-content\/uploads\/2026\/03\/Adsiz-30-x-21-cm-2_page-0003-768x1086.jpg 768w, https:\/\/domino.com.tr\/wp-content\/uploads\/2026\/03\/Adsiz-30-x-21-cm-2_page-0003-1086x1536.jpg 1086w, https:\/\/domino.com.tr\/wp-content\/uploads\/2026\/03\/Adsiz-30-x-21-cm-2_page-0003.jpg 1241w\" sizes=\"(max-width: 724px) 100vw, 724px\" \/>\t\t\t\t\t\t\t\t\t\t\t\t\t\t\t<\/div>\n\t\t\t\t<\/div>\n\t\t\t\t<\/div>\n\t\t\t\t\t<\/div>\n\t\t\t\t<\/div>\n\t\t\t\t<\/div>\n\t\t","protected":false},"excerpt":{"rendered":"","protected":false},"author":1,"featured_media":0,"parent":0,"menu_order":0,"comment_status":"closed","ping_status":"closed","template":"","meta":{"footnotes":""},"class_list":["post-11844","page","type-page","status-publish","hentry"],"_links":{"self":[{"href":"https:\/\/domino.com.tr\/index.php\/wp-json\/wp\/v2\/pages\/11844","targetHints":{"allow":["GET"]}}],"collection":[{"href":"https:\/\/domino.com.tr\/index.php\/wp-json\/wp\/v2\/pages"}],"about":[{"href":"https:\/\/domino.com.tr\/index.php\/wp-json\/wp\/v2\/types\/page"}],"author":[{"embeddable":true,"href":"https:\/\/domino.com.tr\/index.php\/wp-json\/wp\/v2\/users\/1"}],"replies":[{"embeddable":true,"href":"https:\/\/domino.com.tr\/index.php\/wp-json\/wp\/v2\/comments?post=11844"}],"version-history":[{"count":43,"href":"https:\/\/domino.com.tr\/index.php\/wp-json\/wp\/v2\/pages\/11844\/revisions"}],"predecessor-version":[{"id":11900,"href":"https:\/\/domino.com.tr\/index.php\/wp-json\/wp\/v2\/pages\/11844\/revisions\/11900"}],"wp:attachment":[{"href":"https:\/\/domino.com.tr\/index.php\/wp-json\/wp\/v2\/media?parent=11844"}],"curies":[{"name":"wp","href":"https:\/\/api.w.org\/{rel}","templated":true}]}}